2945. What is the greatest common factor of a and q?
3
Let t(v) = -1. Let n(o) = 3*o - 13. Let c(h) = n(h) + 4*t(h). Let b be c(7). Calculate the greatest common factor of b and 12.
4
Suppose -4 = 3*x - 1. Let q(a) = -a**3 + 4*a**2 + 14*a. Let z be q(6). Let v be (-4 - 1/x) + z. Calculate the greatest common divisor of v and 72.
9
Suppose -p + 2*p - 5 = 0. Suppose 3*a = p*q + 12 + 11, -4*q = -2*a + 14. What is the greatest common divisor of a and 11?
11
Let a(y) be the third derivative of -y**4/2 + 8*y**3/3 - 8*y**2. Let d be a(-6). What is the greatest common divisor of d and 22?
22
Let u = 21 - -831. Calculate the greatest common divisor of 12 and u.
12
Suppose -2*b + 7*b - 835 = -4*x, -2*x + 161 = b. Calculate the greatest common factor of b and 3.
3
Suppose 207 = 18*q - 963. Calculate the greatest common factor of 52 and q.
13
Let a(n) = 5*n + 14. Let u be a(-6). Let m = -15 - u. Calculate the greatest common divisor of 3 and m.
1
Suppose -3*p + 544 = 4*i, -2*p - 898 = -7*p + 2*i. What is the greatest common factor of 24 and p?
12
Let d be 1/(-5) + -507*(-12)/45. Let w = d + -72. Calculate the greatest common divisor of w and 7.
7
Suppose o = -5*a + 235, 0 = 3*o + a - 413 - 236. Calculate the highest common factor of 129 and o.
43
Let w(t) = t. Let k be w(0). Suppose -3*n - 43 + 373 = k. Let i = -179 - -189. Calculate the highest common factor of n and i.
10
Suppose 35 = w - 388. What is the highest common divisor of 47 and w?
47
Let x(o) = 2*o**2 + 63*o + 132. Let a be x(-33). Calculate the highest common factor of a and 66.
33
Suppose 0 = -18*r + 20*r - 58. Let o = 7 + r. Calculate the highest common divisor of o and 4.
4
Let a be ((-6)/9 - 1)*-3. Suppose 4*o + 8*s = 4*s + 80, 4*s = -a*o + 99. What is the greatest common divisor of 95 and o?
19
Let c(t) = -t**3 + 37*t**2 - 68*t + 22. Let y be c(35). Suppose -5*l = -193 - 37. What is the highest common factor of l and y?
46
Suppose 24*i - 53*i + 7337 = 0. What is the greatest common factor of i and 69?
23
Let s(k) = k**3 + 5*k**2 + 3*k - 7. Let t be s(-3). Suppose 122 = t*x + 3*a - 57, 5*x - 434 = -3*a. Calculate the greatest common factor of 17 and x.
17
Suppose -4*i + 376 = 4*y, 4*y + 164 = 2*i - 0*y. Let a = 2 - -3. Suppose 4*l = r + 2, -35 = -a*r - l + 6*l. What is the greatest common divisor of r and i?
10
Let k = 703 + -621. What is the greatest common divisor of k and 41?
41
Let h = 160 + 152. Calculate the greatest common factor of h and 26.
26
Let s(a) = a**3 + 5 - 5*a**2 - a - 8*a + 3*a. Let j be (3/4)/(2/16). Let l be s(j). Calculate the highest common divisor of l and 2.
1
Let z = -1249 + 1263. Calculate the greatest common factor of z and 119.
7
Suppose -22*h = -4*h - 1530. Calculate the greatest common divisor of h and 680.
85
Let r = -32 + -40. Let m = -56 - r. What is the greatest common factor of m and 24?
8
Suppose 3*a = -3*d - 18, 0 = 3*a - 2*a + 4. Let j be ((-3)/d)/(1*18/96). Calculate the highest common divisor of j and 40.
8
Suppose 16 = -0*p - 2*p. Let x be (-2 - (p + 2)) + -2. Let w be 272/8 + 0/x. Calculate the greatest common factor of 17 and w.
17
Let r = 9431 + -5399. Calculate the greatest common divisor of r and 64.
64
Let c be ((-12)/36)/((-2)/66). Let a(u) = u - 7. Let s be a(6). Let y be 0 + s*2 + 79. What is the greatest common factor of y and c?
11
Suppose 0 = -a + 9 - 0. Calculate the highest common divisor of a and 63.
9
Let p(v) = 2*v**2 - 10*v - 91. Let d be p(10). Suppose 0 = 5*q - 4*m - 487, 0*q - 501 = -5*q - 3*m. What is the highest common factor of q and d?
9
Suppose 0 = 4*h + 2*q - 133 - 185, -4*q + 324 = 4*h. What is the greatest common factor of h and 66?
6
Let v(j) = -14*j - 61. Let l be v(-5). What is the greatest common factor of 657 and l?
9
Let m(x) = -29*x + 24. Let t be 0/2 + (-1 - -3). Let v be (-468)/60 - t/10. Let f be m(v). What is the highest common factor of 32 and f?
32
Suppose -4*m + 258 = -2*d, -2*m - 5*d + 256 = 133. Suppose t - 332 = -t + 4*q, 2*t + 5*q = 305. Calculate the greatest common factor of t and m.
32
Let f be ((-4)/(-12))/(4/336). Let h = 143 + f. Suppose -5*q + 57 = -2*q. Calculate the highest common divisor of h and q.
19
Let c(g) = -g**3 - 18*g**2 + 15*g - 36. Let d be c(-19). Calculate the greatest common factor of 520 and d.
40
Suppose 39 = 5*b + 34. Let q(i) = i**2 - 19*i + 21. Let l be q(18). Calculate the greatest common divisor of l and b.
1
Let u(s) = -5*s**2 - 2. Let d be u(4). Let f = 44 + d. Let l = -24 - f. What is the highest common divisor of l and 112?
14
Suppose -2*p + 3 = j, -3*j - 7*p = -5*p - 25. What is the highest common factor of j and 1375?
11
Suppose -6*m = -7*m - 5*a + 1, 4 = m + 4*a. What is the highest common factor of m and 144?
16
Let t = -484 + 556. What is the greatest common divisor of t and 32?
8
Let b(i) = -i**3 - 29*i**2 + 27*i - 2. Let a be b(-30). Let w = a - 6. What is the highest common divisor of w and 41?
41
Suppose -100*t + 59358 - 17058 = 0. What is the greatest common factor of t and 235?
47
Let i = 405 + -339. Calculate the highest common divisor of 363 and i.
33
Suppose 2120 = b + 4*b. Suppose 52 = w + 28. Let p be (-1)/(-3) + b/w. Calculate the greatest common factor of p and 12.
6
Suppose -3*c - 26 = -4*c. What is the greatest common divisor of c and 26?
26
Suppose 2*j - 15 + 3 = -3*i, j - 5 = -i. Suppose -j*p - 4*p + 98 = 0. Calculate the highest common divisor of 21 and p.
7
Suppose 8 = 39*b - 40*b. Let m be 5*(-3)/2*b. What is the highest common divisor of 90 and m?
30
Suppose -r + 246 + 234 = 0. Suppose 4*f = 6*q - q + r, 360 = 3*f + 4*q. Suppose 652*l - 657*l + 75 = 0. Calculate the highest common divisor of f and l.
15
Let l(n) = 11*n - 4. Let q be l(4). Let o = q - 22. Suppose -y = -2*y + o. Calculate the greatest common divisor of 144 and y.
18
Suppose 5*l + 2*h - 30 = -9, 5*l - 3*h = 31. Let x be l/10 + 75/10. What is the greatest common divisor of x and 64?
8
Suppose -2*y + 283 + 201 = 0. Let i = 17 - -5. Calculate the highest common divisor of y and i.
22
Suppose u = 2*y - 254 + 45, -5*u = -2*y + 205. Suppose y = -5*q + 12*q. What is the highest common divisor of q and 6?
3
Suppose -3*x - 2*u + 20 = -x, 2*x - u = 26. Let y(v) = 3*v + 75. Let t be y(-9). Calculate the highest common divisor of x and t.
12
Let l(h) = 2*h**2 + h - 6. Suppose -5*w - 17 + 2 = 3*n, -4*w = -2*n + 12. Let m be l(w). Suppose 2*i + 17 = 143. Calculate the highest common factor of i and m.
9
Let u = 79 - 45. Let z(v) = -v - 7. Let d be z(-5). Let m(x) = 20*x**2 - 4*x - 3. Let l be m(d). What is the greatest common divisor of l and u?
17
Suppose 3*w + 2*v - 2 = 0, -3*w + 5*v = 3*v + 2. Suppose w = q - 6*q + 3*s + 1146, -459 = -2*q + s. What is the highest common factor of q and 33?
33
Let q = -2173 - -3643. Calculate the highest common factor of 30 and q.
30
Suppose 62*r - 65*r + 66 = 0. Calculate the greatest common divisor of r and 44.
22
Let o = -70 + 66. Let j be o/(-14) + (-1984)/(-112). Calculate the greatest common factor of 24 and j.
6
Let i = 765 - 504. What is the greatest common divisor of i and 29?
29
Suppose -3*w - 887 = -5*h, 16*w + 879 = 5*h + 15*w. Calculate the greatest common divisor of h and 50.
25
Let m(r) = 2*r - 30. Let o be m(16). Suppose -3*c - 367 = -2*x, 5*x = 10*x + o*c - 927. Calculate the greatest common factor of x and 74.
37
Suppose 5*v - 4*h = 203, -5*h - 136 = -5*v + 64. Calculate the greatest common factor of v and 1.
1
Let y(p) = p**3 - 6*p**2 + 4*p + 1. Let d be y(6). Let z = -293 + 318. What is the highest common divisor of z and d?
25
Let n(g) = g**3 - 15*g**2 + 16*g - 14. Let b be n(14). Calculate the greatest common divisor of 161 and b.
7
Suppose -4*x + 292 = 2*m, 20*x - 15*x - 5*m = 350. What is the highest common divisor of x and 1152?
72
Let u(m) be the first derivative of m**3/3 + 3*m**2 + 25*m - 21. Let l be u(-10). Calculate the greatest common divisor of 13 and l.
13
Suppose t - 7 = -2*u + 345, 0 = 2*u + 3*t - 360. Suppose 0 = -4*j + u + 306. Let c be ((-24)/20)/(-3)*j. What is the greatest common factor of 16 and c?
16
Let p = 1189 - 1188. Calculate the highest common factor of 49 and p.
1
Suppose u - 2 = 0, 0 = 2*j - 7*j + 3*u + 184. Let g = -21 + j. Suppose -13*i - 2652 = -65*i. What is the highest common factor of g and i?
17